 i(7). Suppose 2*s + 34 = 2*w, -77 + 3 = -m*w - 2*s. Calculate the greatest common divisor of w and 4.
2
Let s = -6255 + 7327. What is the highest common factor of s and 208?
16
Let r be 26/6 - 76/57. Suppose 0 = -3*f - r*m + 117, 6*f + 5*m - 119 = 3*f. Calculate the highest common divisor of f and 171.
19
Let j(q) = -q**2 - 10*q + 7. Let b be j(13). Let h = 362 + b. What is the greatest common divisor of 112 and h?
14
Let y = 143 + -140. Let w(h) = 4*h**2 - 7*h + 9. Let r be w(y). Calculate the greatest common divisor of r and 32.
8
Suppose -796838 = -415*b + 2093816 + 2736746. What is the greatest common factor of b and 6?
6
Suppose -54*u + 29600 = -30178. Calculate the greatest common factor of 837 and u.
27
Suppose p = 3*a - 47, -112*p + 110*p - 82 = -5*a. Let x be (-20)/3*3*-3. Calculate the greatest common factor of x and a.
12
Let l(y) = 6094*y**2 - 18*y - 16. Let x be l(-1). Suppose 569*v = 575*v - x. What is the greatest common divisor of 8 and v?
8
Let m(x) = -x**3 - 8*x**2 - 35*x - 97. Let i be m(-6). What is the highest common divisor of i and 7339?
41
Let o(g) = -55*g - 3. Let w be o(-2). Suppose j - 5*p - 12 = 58, p = -2*j + w. What is the greatest common factor of j and 143?
11
Let j be (-3)/5 - (0 + 511/(-35)). Let p = 196 - 98. Let r = 14 + p. What is the highest common divisor of r and j?
14
Let o = -4133 - -4161. Calculate the highest common divisor of 1414 and o.
14
Let z = 118 - -92. Let u = z + -162. Calculate the highest common divisor of u and 16.
16
Let o(y) = -6259*y - 37. Let h be o(-1). What is the highest common factor of h and 915?
183
Let q be 3*(-3 - -2) + (-58)/(-2). Suppose -868 = -3*g - 2*z - 0*z, 2*z - 10 = 0. What is the highest common factor of g and q?
26
Let u = 26 + -25. Let z be (u - 21)*(2 + 0). Let i be (-1)/(2/z) + 0. Calculate the greatest common factor of i and 5.
5
Let d(t) = -t**2 + 3*t + 142. Let y be d(0). Let f be 2/(6/225) + (-8)/2. Calculate the greatest common factor of y and f.
71
Suppose 814 + 277 = 2*p - v, -1639 = -3*p - v. Let n = -60 - -102. What is the greatest common factor of p and n?
42
Suppose 2*u = 5*c + 17 - 6, 4*u - 2*c = 14. Let o be 1/u*3 + 4. Suppose -o*k + 0*k = -3*m - 4, -3*m - 3*k = -36. What is the highest common factor of 7 and m?
7
Suppose 0 = -h - g + 9 + 11, 2*h + g = 43. Suppose -4*f = -h*a + 26*a - 156, a - 44 = -4*f. What is the highest common divisor of a and 112?
56
Let o(w) = -9*w + 97. Let l be o(11). Let p be l + 4 - (-280)/14. Calculate the highest common factor of 209 and p.
11
Let k(w) = 5 + 4*w**3 - 5*w**3 - 4*w**2 - 12 - 3*w. Let q be k(-4). Let g be (-6)/(q/(-2 - 58)). What is the greatest common divisor of g and 36?
36
Let y = -11395 - -15388. Calculate the highest common divisor of y and 22.
11
Let x = 5392 + -4907. What is the highest common factor of x and 15?
5
Suppose 4*h - 1549 - 611 = 0. Let y(q) = 5*q**2 + 12*q + 28. Let b be y(-4). Calculate the greatest common divisor of b and h.
60
Suppose -u = -4*u + 6. Suppose u*i = -4*r + 1088, -3*r - 3*i + 842 = 20. Let n = 524105 - 524075. What is the greatest common divisor of n and r?
30
Suppose 0 = -4*p - 4*f + 98848, 152 = f + 145. What is the greatest common divisor of p and 162?
81
Let v(o) = 3*o**3 + o**2 - 3. Let d be v(-2). Let q = 26 + d. Suppose -5*s + q*z + 88 = 0, 0*s = -s - z + 16. Calculate the greatest common factor of s and 17.
17
Let l be (-2 + 3052/7)*(3 - 1). Suppose l = 3*h + 2*h - 3*r, -3*r = -4*h + 692. What is the highest common divisor of h and 11?
11
Let i(f) = -2*f**3 + 16*f**2 - 15*f + 168. Let c be i(7). Suppose -63 = -8*w - w. Calculate the greatest common divisor of c and w.
7
Suppose 0 = -482*p + 477*p + 22935. What is the greatest common factor of p and 22?
11
Let n(g) = 46*g**2 - 163*g + 129. Let k be n(3). Let t(b) = b**2 - 2*b + 3. Let j be t(5). Calculate the highest common factor of j and k.
18
Suppose -4*j - 151 = -503. Let d be (-14)/28 - (-601)/(-2). Let q be d/(-28) + (3 - 22/8). What is the greatest common factor of j and q?
11
Let z = -309 + 311. Let x be (16/20)/(2/50). Suppose -4*u = -2*u - x. What is the greatest common factor of u and z?
2
Let k(a) = a**3 - 15*a**2 - 13*a + 10. Let g be k(16). Let f = 92 + g. What is the highest common factor of 75 and f?
75
Let o be -1*3/3*10. Let f be 18/(-3)*o/6. Suppose f*c + 440 = 11*c. What is the highest common divisor of c and 40?
40
Suppose -10*f - 3*f = 8*f - 483. Let y be (0 - 1) + 4 - (-293 - 3). What is the greatest common divisor of f and y?
23
Let j = -16570 - -16624. Calculate the greatest common divisor of 14 and j.
2
Let v(n) = 3*n + 9. Let h be v(-3). Suppose -4*l - 7 = -3*i + 10, 3*l - 3 = h. Let y be 4 + 2/(-2) - -46. What is the greatest common factor of y and i?
7
Suppose 0*u - 332 = -4*b + 5*u, -b - 3*u = -66. Let g = b + -22. Calculate the highest common factor of g and 7.
7
Let o(d) = d**3 + 28*d**2 + 79*d + 280. Let z be o(-24). What is the highest common factor of 258 and z?
86
Let b = -9 - -13. Let w be 90/6 - 1 - -1. Suppose w*u - 29 = 121. What is the highest common factor of b and u?
2
Let l = -15975 + 16415. Calculate the highest common factor of 1160 and l.
40
Let n be 16/6*-1*3. Let z be 2/8 - n/(96/189). What is the greatest common divisor of 304 and z?
16
Let i(y) = y**3 - 37*y**2 - 116*y - 22. Let c be i(40). Let b = -193 + 205. What is the greatest common factor of c and b?
6
Suppose b + 74 - 77 = 0. Let n(z) = 11*z**3 - 2*z**2 + 9*z - 5. Let r be n(b). What is the highest common divisor of 86 and r?
43
Suppose 4*a - 3*a = 136. Let r = 34 - a. Let b be 12/r + (-465)/(-51). What is the greatest common factor of b and 180?
9
Let k = -2893 - -3043. Calculate the highest common factor of k and 120.
30
Suppose -5*g = -g - 28. Suppose -2*x = -g*x + 160. Suppose 3 = 5*m - 37. Calculate the greatest common factor of m and x.
8
Let a(y) be the first derivative of -11*y**2/2 - 104*y + 58. Let z be a(-12). Let m = 218 - 106. Calculate the highest common divisor of z and m.
28
Suppose -3*a + 3*z + 367 + 1187 = 0, 1554 = 3*a - 4*z. Calculate the highest common divisor of a and 962.
74
Suppose 5*y - i - 175 = 0, 2*y - i + 2*i - 77 = 0. What is the highest common factor of y and 207?
9
Let d = 4630 + -4390. What is the greatest common factor of 45 and d?
15
Let r = 10493 - 10464. What is the greatest common divisor of 6641 and r?
29
Suppose 22*a - 390 = -5*x - 304, -3*x - 2*a = -242. Let o = 0 + 12. Calculate the greatest common divisor of x and o.
4
Let h(a) = a**2 + 18*a - 15. Let m be h(-19). Let i = -28 - -31. Suppose -84 = -i*y + 48. What is the highest common factor of m and y?
4
Let n(r) = r**2 + 5*r - 47. Let d be n(5). Suppose -d*f = 4*h - 1986, h - 2*f - 300 - 191 = 0. Calculate the greatest common divisor of 55 and h.
55
Let q = 354 - 107. Let b(n) = -211*n**2 - 4*n - 223*n**2 - n**3 - 13 + 443*n**2. Let j be b(8). What is the greatest common factor of q and j?
19
Suppose 2*i = 4, 2*i + 7 = 3*p + 4*i. Let c be 116/8*(p - -1). Let o = -24 + c. What is the highest common divisor of 55 and o?
5
Let f be (-8)/3*(-6)/4. Suppose 0*r + 3*w - 84 = -3*r, -2*r + 80 = -f*w. Let h be 11/((-935)/10) - 29942/(-187). Calculate the highest common factor of h and r.
32
Let f be (-63)/27 - 258/(-18). What is the highest common divisor of 12 and f?
12
Let z be (-210)/(-14) - (-3 - -1). Let v = -3 - -9. Let u be (12/v)/((-4)/(-34)). Calculate the greatest common divisor of z and u.
17
Let b be ((-25)/10 + 2)/(2/(-80)). Let s(v) = v**2 + 5*v + 7. Let t be s(-7). Suppose t*p = b*p + 52. What is the highest common divisor of p and 78?
26
Suppose -2*l = -6*t + 8*t - 42, 3*t - 4*l = 42. Suppose 34 = -5*q + 154. What is the highest common factor of q and t?
6
Let f = 23159 + -22438. What is the highest common divisor of 824 and f?
103
Suppose -221 = -2*w - m + 2*m, -569 = -5*w - 3*m. Suppose -w = 4*u - 18*u. What is the highest common factor of 128 and u?
8
Let s be (-19)/(209/44) + 4*1. Suppose -2*p - 9*m + 4*m + 24 = 0, s = -3*m. Calculate the greatest common factor of p and 16.
4
Let b = -14161 + 14278. Let y = 191 + 121. What is the greatest common divisor of b and y?
39
Let k be 7/14*-2*1 + 3. Let i(u) = 21 - 3*u + k*u + 9. Let z be i(10). What is the greatest common divisor of z and 8?
4
Let t(k) be t